c(g) = g**3 + 7*g**2 - 5*g + 11. Determine c(-8).
-13
Let x(t) = t**2 + 15*t + 37. Give x(-13).
11
Let o(w) = -w**2 + 41*w - 205. Give o(6).
5
Let p(a) = 4*a**2 + a + 1. Determine p(2).
19
Let q(i) = 6*i**3. Give q(-1).
-6
Let b(x) = 16*x - 21. Determine b(4).
43
Let g(v) = -v. Calculate g(-9).
9
Let i(o) = -3*o**2 - 45*o + 1. Calculate i(-15).
1
Let m(v) = v**2 - 12*v - 14. Give m(11).
-25
Let z(h) = h**2 - 9*h - 26. Give z(11).
-4
Let r(q) = q**3 - 5*q**2 - 9*q - 2. Give r(5).
-47
Let m(l) = -l**2 + 3*l + 1. What is m(4)?
-3
Let h(a) = -a**2 - 7*a - 8. What is h(-10)?
-38
Let n(b) = 13*b + 74. Calculate n(-6).
-4
Let f(z) = z**3 - 8*z**2 + 8*z + 2. Give f(7).
9
Let a(j) = j**3 + 2*j**2. Calculate a(-3).
-9
Let s(u) = -4*u**2 + 5*u - 7. Give s(-3).
-58
Let a(b) = -2*b**2 - 11*b - 5. Calculate a(-8).
-45
Let s(h) = h**2 + 5*h - 2. Determine s(-4).
-6
Let p(f) = 273*f - 2. Calculate p(0).
-2
Let n(c) = -2*c - 59. Determine n(-23).
-13
Let o(a) = a**2 - 3*a + 5. Determine o(0).
5
Let q(i) = 2*i**3 + 5*i**2 + 23*i + 37. Give q(-2).
-5
Let q(r) = -2*r**2 + 9*r + 1. Give q(5).
-4
Let z(w) = -37*w + 637. Calculate z(17).
8
Let x(g) = -33*g + 101. Calculate x(3).
2
Let z(h) = h - 10. Determine z(6).
-4
Let u(a) = a**3 - 13*a**2 - a - 1. Determine u(13).
-14
Let t(u) = u + 2. Calculate t(-3).
-1
Let m(x) = x**2 + 9*x + 7. Determine m(-7).
-7
Let i(f) = -f**3 - 3*f**2 - 3*f - 3. Calculate i(-2).
-1
Let y(p) = 14*p - 185. Give y(10).
-45
Let x(g) = -4*g - 1. Determine x(7).
-29
Let i(c) = -4*c**2 + 6*c - 6. Calculate i(2).
-10
Let f(i) = -2*i - 25. Give f(-11).
-3
Let w(s) = 4*s. What is w(-2)?
-8
Let q(k) = -13*k**2 + 6*k - 13. What is q(3)?
-112
Let a(o) = o**2 + 8*o + 14. Calculate a(-5).
-1
Let w(t) = -t**3 + 8*t**2 - 6*t - 7. Give w(6).
29
Let m(l) = 39*l - 2143. Determine m(55).
2
Let c(y) = 102*y + 102. What is c(-1)?
0
Let s(v) = v**3 + 4*v**2 + 8*v + 12. Determine s(-6).
-108
Let r(g) = 63*g**2 - 2*g + 1. What is r(1)?
62
Let z(i) = 10*i + 9. Give z(-5).
-41
Let y(x) = x**2 + 4*x + 2. Give y(-5).
7
Let r(p) = p**3 - 5*p**2 - 3*p + 3. Give r(5).
-12
Let w(y) = -13*y - 401. Calculate w(-31).
2
Let t(c) = -79*c + 163. Determine t(2).
5
Let a(q) = 3*q**3 - 22*q**2 + 8*q + 15. Determine a(7).
22
Let p(w) = -w**2 - w - 4. What is p(-3)?
-10
Let j(o) = 3*o**3 + 49*o**2 + 17*o + 7. Determine j(-16).
-9
Let d(u) = -5*u - 78. What is d(-18)?
12
Let r(j) = j + 20. Determine r(-17).
3
Let o(j) = 11*j**3 - j**2. Give o(1).
10
Let n(f) = 5*f + 36. What is n(-13)?
-29
Let m(k) = k**2 - 9. Calculate m(3).
0
Let l(m) = 9*m - 25. Give l(11).
74
Let t(l) = -22*l**2 - 4*l - 2. Calculate t(-2).
-82
Let t(j) = -84*j + 242. Determine t(3).
-10
Let o(k) = k**3 - 12*k**2 + 10*k + 9. Give o(11).
-2
Let h(y) = -y**2 - 2. Calculate h(-4).
-18
Let q(i) = i**2 - 10*i + 31. Calculate q(5).
6
Let k(g) = g**3 - 7*g**2 - 9*g + 2. Give k(8).
-6
Let x(u) = -u**3 - 2*u**2 - 2*u - 2. What is x(-1)?
-1
Let k(i) = 3*i + 10. Give k(0).
10
Let l(f) = -f**3 + 2*f**2 + 5*f - 3. What is l(3)?
3
Let v(d) = -14*d - 15. Give v(3).
-57
Let g(u) = u**3 - 9*u**2 - 2*u + 112. Determine g(7).
0
Let t(u) = u**3 - 4*u**2 + u + 4. What is t(-1)?
-2
Let n(q) = q**3 - 5*q**2 - 4*q - 2. What is n(5)?
-22
Let d(v) = -55*v - 1. Give d(1).
-56
Let q(d) = -3*d**2 + 17*d - 6. What is q(5)?
4
Let j(f) = -2*f**2 + 27*f + 22. Determine j(13).
35
Let g(y) = -y**3 - 3*y**2 + 5. Determine g(-3).
5
Let q(i) = 4*i - 112. Calculate q(22).
-24
Let n(d) = -43*d + 5. What is n(-3)?
134
Let j(w) = 33*w**2 + w - 2. Calculate j(1).
32
Let l(n) = -n**2 - 14*n + 22. What is l(-12)?
46
Let m(i) = 4*i**2 + 34*i + 39. Determine m(-7).
-3
Let t(q) = 4*q + 7. Determine t(-3).
-5
Let v(r) = r**3 + 8*r**2 + 9*r - 6. What is v(-7)?
-20
Let h(y) = y**2 - 9*y + 11. Determine h(5).
-9
Let s(o) = 26*o + 835. What is s(-32)?
3
Let q(t) = t**2 + 21*t - 31. What is q(-23)?
15
Let k(f) = 6*f + 29. Calculate k(-4).
5
Let r(u) = -u**3 - 11*u**2 + 8*u + 97. Calculate r(-11).
9
Let k(d) = d**2 - 2*d + 10. What is k(3)?
13
Let j(w) = w**2 + 12*w - 11. Calculate j(-14).
17
Let p(a) = 2*a**2 + 29*a - 13. Calculate p(-15).
2
Let k(a) = -2*a**2 + 10*a - 19. Determine k(4).
-11
Let u(r) = -2*r**2 + 57*r - 112. Determine u(2).
-6
Let b(x) = 2*x + 1. What is b(9)?
19
Let w(x) = -11*x + 62. Determine w(5).
7
Let s(k) = 2*k**3 + 12*k**2 + 2*k - 32. Give s(-5).
8
Let y(q) = 4*q**2. Determine y(1).
4
Let m(k) = -5*k + 6. What is m(5)?
-19
Let z(a) = -a + 11. What is z(18)?
-7
Let a(b) = -2*b**2 - 17*b + 11. Determine a(-8).
19
Let w(x) = 31*x - 3. What is w(4)?
121
Let h(a) = -a**3 + 21*a + 7. What is h(5)?
-13
Let i(r) = -3*r**2 + 22*r - 14. What is i(7)?
-7
Let d(c) = -c**2 + 3*c + 3. Calculate d(-1).
-1
Let p(h) = -24*h + 10. Determine p(-4).
106
Let f(d) = d**2 - 7*d - 11. Determine f(-2).
7
Let j(k) = -k + 54. Calculate j(39).
15
Let b(c) = -2*c**2 + 16*c + 15. What is b(8)?
15
Let l(a) = a**3 + 5*a**2 + 4*a - 6. Give l(-2).
-2
Let l(a) = a**3 + 8*a**2 - 19*a - 21. Give l(-8).
131
Let h(f) = f**2 + f - 104. Determine h(10).
6
Let f(a) = -a**3 + 9*a**2 + 12*a + 11. Calculate f(10).
31
Let q(k) = 160*k - 802. Give q(5).
-2
Let s(x) = x**2 - 6*x + 18. Calculate s(4).
10
Let q(r) = 29*r - 175. Determine q(6).
-1
Let n(u) = u - 64. What is n(0)?
-64
Let w(f) = 6*f**2 + 2*f - 15. What is w(-5)?
125
Let x(k) = k**3 - 5*k**2 + 5*k - 11. What is x(3)?
-14
Let d(n) = -7*n**2 - 5*n - 4. Give d(-2).
-22
Let d(i) = -5*i + 9. Calculate d(6).
-21
Let x(a) = a**3 - 3*a**2 + 19*a - 1. Determine x(0).
-1
Let f(y) = -2*y + 34. Determine f(20).
-6
Let u(a) = -a**3 + 4*a**2 + 2*a + 2. Calculate u(3).
17
Let u(p) = p**3 + 20*p**2 + 64*p + 15. What is u(-16)?
15
Let a(j) = j + 108. Calculate a(-17).
91
Let g(f) = -f**2 - 25*f - 27. What is g(-24)?
-3
Let l(r) = r**3 - 8*r**2 + 21*r - 6. Give l(5).
24
Let x(i) = -i**3 - 11*i**2 + 14*i + 2. Determine x(-12).
-22
Let c(k) = k + 2. Determine c(-5).
-3
Let m(x) = 175*x + 2276. Determine m(-13).
1
Let z(y) = -y**3 - 29*y**2 + 3*y + 71. What is z(-29)?
-16
Let v(h) = h**2 + h - 3. What is v(-4)?
9
Let x(z) = -z**3 - 6*z**2 - 4*z - 6. Determine x(-5).
-11
Let l(y) = 3*y - 58. What is l(16)?
-10
Let h(p) = -p - 18. Determine h(-22).
4
Let f(q) = -23*q**2 - 136*q - 1. Calculate f(-6).
-13
Let s(m) = m + 2. Calculate s(1).
3
Let o(q) = q**2 - 6*q - 4. Determine o(8).
12
Let n(p) = -2*p**2 + 6*p + 5. Give n(4).
-3
Let u(z) = -z**3 - 11*z**2 - 18*z + 4. Calculate u(-9).
4
Let i(f) = -2*f - 5. Give i(-8).
11
Let z(x) = -x**3 + 10*x**2 - 9*x - 10. Determine z(9).
-10
Let x(r) = r**2 + 8*r + 31. Calculate x(-8).
31
Let v(q) = 9*q - 320. Give v(35).
-5
Let f(x) = -4*x - 24. Calculate f(5).
-44
Let z(p) = -10*p - 28. Determine z(-4).
12
Let i(j) = j**3 + 2*j**2 - j + 3. Calculate i(-4).
-25
Let q(u) = u**2 - 31*u - 635. Determine q(45).
-5
Let q(j) = 2*j - 1. Calculate q(2).
3
Let s(h) = -h**2 - 13*h - 13. Calculate s(-13).
-13
Let b(j) = -j**2 + 10*j - 1. Determine b(8).
15
Let z(q) = -2*q**3 + 16*q**2 + 3*q + 8. Give z(8).
32
Let j(i) = -168*i - 1175. Give j(-7).
1
Let o(y) = 95*y - 849. Determine o(9).
6
Let y(n) = -19*n + 78. Determine y(4).
2
Let q(f) = 2*f**2 + 60*f + 55. What is q(-28)?
-57
Let g(f) = -f**2 + 9*f + 29. Determine g(12).
-7
Let s(v) = -v**2 + 31*v - 21. What is s(31)?
-21
Let w(y) = -5*y + 48. What is w(14)?
-22
Let n(c) = -c - 22. Calculate n(-14).
-8
Let c(z) = -13*z + 321. Determine c(25).
-4
Let w(d) = d**2 - 2*d - 4. Give w(0).
-4
Let z(l) = l**3 - 5*l**2 + 3*l - 5. Determine z(4).
-9
Let f(m) = 8*m + 5. Determine f(-1).
-3
Let q(v) = 3*v - 34. Determine q(9).
-7
Let o(d) = -d**3 - 3*d**2 + 8*d + 3. Calculate o(-5).
13
Let f(o) = o**3 + 31*o**2 - 17*o - 521. Determine f(-31).
6
Let j(i) = i**3 - 5*i**2 + 4*i - 11. Give j(5).
9
Let g(f) = f**3 - 6*f**2 - f - 5. What is g(6)?
-11
Let x(q) = 6*q**2 + 2*q - 3. What is x(-3)?
45
Let n(i) = -8*i**2 - 198*i + 47. Give n(-25).
-3
Let h(o) = o**3 + 4*o**2 + 2*o + 6. Give h(-4).
-2
Let m(h) = 19*h - 3. What is m(-4)?
-79
Let z(r) = r - 31. Calculate z(5).
-26
Let b(t) = -12*t + 9. Give b(3).
-27
Let h(f) = -f**3 - 28*f**2 + 2*f + 44. Give h(-28).
-12
Let l(d) = -d - 6. Determine l(-2).
-4
Let w(c) = c**2 + 5*c - 9. What is w(-9)?
27
Let h(i) = 3*i**3 + 6*i**2 + 3*i. Wh